{"id":170,"date":"2020-08-27T14:34:48","date_gmt":"2020-08-27T14:34:48","guid":{"rendered":"http:\/\/fahrschule-kdl.com\/?page_id=170"},"modified":"2021-01-20T14:39:22","modified_gmt":"2021-01-20T14:39:22","slug":"kompaktausbildung","status":"publish","type":"page","link":"http:\/\/fahrschule-kdl.com\/?page_id=170","title":{"rendered":"Kompaktausbildung"},"content":{"rendered":"<div class=\"flex_column av_one_full  flex_column_div av-zero-column-padding first  avia-builder-el-0  el_before_av_one_full  avia-builder-el-first  \" style='border-radius:0px; '><div   data-size='entry_without_sidebar'  data-lightbox_size='large'  data-animation='slide'  data-conditional_play=''  data-ids='221'  data-video_counter='0'  data-autoplay='false'  data-bg_slider='false'  data-slide_height=''  data-handle='av_slideshow'  data-interval='5'  data-class=' avia-builder-el-1  avia-builder-el-no-sibling  '  data-el_id=''  data-css_id=''  data-scroll_down=''  data-control_layout='av-control-default'  data-custom_markup=''  data-perma_caption=''  data-autoplay_stopper=''  data-image_attachment=''  data-min_height='0px'  data-lazy_loading='disabled'  data-default-height='34.95867768595'  class='avia-slideshow avia-slideshow-1  av-control-default av-default-height-applied avia-slideshow-entry_without_sidebar av_slideshow  avia-builder-el-1  avia-builder-el-no-sibling   avia-slide-slider '  itemprop=\"image\" itemscope=\"itemscope\" itemtype=\"https:\/\/schema.org\/ImageObject\" ><ul class='avia-slideshow-inner ' style='padding-bottom: 31.25%;' ><li  class=' av-single-slide slide-1 ' ><div data-rel='slideshow-1' class='avia-slide-wrap '   ><img decoding=\"async\" class=\"wp-image-221 avia-img-lazy-loading-not-221\"  src=\"http:\/\/fahrschule-kdl.com\/wp-content\/uploads\/2020\/08\/featured_header_kompatausbildung.jpg\" width=\"960\" height=\"300\" title='featured_header_kompatausbildung' alt=''  itemprop=\"thumbnailUrl\" srcset=\"http:\/\/fahrschule-kdl.com\/wp-content\/uploads\/2020\/08\/featured_header_kompatausbildung.jpg 960w, http:\/\/fahrschule-kdl.com\/wp-content\/uploads\/2020\/08\/featured_header_kompatausbildung-300x94.jpg 300w, http:\/\/fahrschule-kdl.com\/wp-content\/uploads\/2020\/08\/featured_header_kompatausbildung-768x240.jpg 768w, http:\/\/fahrschule-kdl.com\/wp-content\/uploads\/2020\/08\/featured_header_kompatausbildung-705x220.jpg 705w\" sizes=\"(max-width: 960px) 100vw, 960px\" \/><\/div><\/li><\/ul><\/div><\/div>\n<div class=\"flex_column av_one_full  flex_column_div av-zero-column-padding first  avia-builder-el-2  el_after_av_one_full  avia-builder-el-last  column-top-margin\" style='border-radius:0px; '><section class=\"av_textblock_section \"  itemscope=\"itemscope\" itemtype=\"https:\/\/schema.org\/CreativeWork\" ><div class='avia_textblock  '   itemprop=\"text\" ><h4>Du ben\u00f6tigst den F\u00fchrerschein so schnell wie m\u00f6glich?<\/h4>\n<div>Wenn Du nur wenig Zeit f\u00fcr Deine Fahrausbildung in Anspruch nehmen kannst, dann ist unsere <strong>Kompaktausbildung<\/strong> genau das richtige f\u00fcr Dich. Aufgrund unserer <em>Zweigstellenstruktur<\/em> hast Du die M\u00f6glichkeit in aktuell acht Filialen am theoretischen Unterricht teilzunehmen.<\/div>\n<div>M\u00f6chtest Du mehr dar\u00fcber erfahren, dann komm in eine unserer Fahrschulen, unser Fahrlehrer ber\u00e4t Dich gerne. Oder ruf uns uns an!<\/div>\n<\/div><\/section><\/div>\n","protected":false},"excerpt":{"rendered":"","protected":false},"author":1,"featured_media":0,"parent":178,"menu_order":11,"comment_status":"closed","ping_status":"closed","template":"","meta":{"_themeisle_gutenberg_block_has_review":false,"footnotes":""},"class_list":["post-170","page","type-page","status-publish","hentry"],"_links":{"self":[{"href":"http:\/\/fahrschule-kdl.com\/index.php?rest_route=\/wp\/v2\/pages\/170","targetHints":{"allow":["GET"]}}],"collection":[{"href":"http:\/\/fahrschule-kdl.com\/index.php?rest_route=\/wp\/v2\/pages"}],"about":[{"href":"http:\/\/fahrschule-kdl.com\/index.php?rest_route=\/wp\/v2\/types\/page"}],"author":[{"embeddable":true,"href":"http:\/\/fahrschule-kdl.com\/index.php?rest_route=\/wp\/v2\/users\/1"}],"replies":[{"embeddable":true,"href":"http:\/\/fahrschule-kdl.com\/index.php?rest_route=%2Fwp%2Fv2%2Fcomments&post=170"}],"version-history":[{"count":5,"href":"http:\/\/fahrschule-kdl.com\/index.php?rest_route=\/wp\/v2\/pages\/170\/revisions"}],"predecessor-version":[{"id":376,"href":"http:\/\/fahrschule-kdl.com\/index.php?rest_route=\/wp\/v2\/pages\/170\/revisions\/376"}],"up":[{"embeddable":true,"href":"http:\/\/fahrschule-kdl.com\/index.php?rest_route=\/wp\/v2\/pages\/178"}],"wp:attachment":[{"href":"http:\/\/fahrschule-kdl.com\/index.php?rest_route=%2Fwp%2Fv2%2Fmedia&parent=170"}],"curies":[{"name":"wp","href":"https:\/\/api.w.org\/{rel}","templated":true}]}}

<div class="flex_column av_one_full  flex_column_div av-zero-column-padding first  avia-builder-el-0  el_before_av_one_full  avia-builder-el-first  " style='border-radius:0px; '><div   data-size='entry_without_sidebar'  data-lightbox_size='large'  data-animation='slide'  data-conditional_play=''  data-ids='221'  data-video_counter='0'  data-autoplay='false'  data-bg_slider='false'  data-slide_height=''  data-handle='av_slideshow'  data-interval='5'  data-class=' avia-builder-el-1  avia-builder-el-no-sibling  '  data-el_id=''  data-css_id=''  data-scroll_down=''  data-control_layout='av-control-default'  data-custom_markup=''  data-perma_caption=''  data-autoplay_stopper=''  data-image_attachment=''  data-min_height='0px'  data-lazy_loading='disabled'  data-default-height='34.95867768595'  class='avia-slideshow avia-slideshow-1  av-control-default av-default-height-applied avia-slideshow-entry_without_sidebar av_slideshow  avia-builder-el-1  avia-builder-el-no-sibling   avia-slide-slider '  itemprop="image" itemscope="itemscope" itemtype="https://schema.org/ImageObject" ><ul class='avia-slideshow-inner ' style='padding-bottom: 31.25%;' ><li  class=' av-single-slide slide-1 ' ><div data-rel='slideshow-1' class='avia-slide-wrap '   ><img decoding="async" class="wp-image-221 avia-img-lazy-loading-not-221"  src="http://fahrschule-kdl.com/wp-content/uploads/2020/08/featured_header_kompatausbildung.jpg" width="960" height="300" title='featured_header_kompatausbildung' alt=''  itemprop="thumbnailUrl" srcset="http://fahrschule-kdl.com/wp-content/uploads/2020/08/featured_header_kompatausbildung.jpg 960w, http://fahrschule-kdl.com/wp-content/uploads/2020/08/featured_header_kompatausbildung-300x94.jpg 300w, http://fahrschule-kdl.com/wp-content/uploads/2020/08/featured_header_kompatausbildung-768x240.jpg 768w, http://fahrschule-kdl.com/wp-content/uploads/2020/08/featured_header_kompatausbildung-705x220.jpg 705w" sizes="(max-width: 960px) 100vw, 960px" /></div></li></ul></div></div>
<div class="flex_column av_one_full  flex_column_div av-zero-column-padding first  avia-builder-el-2  el_after_av_one_full  avia-builder-el-last  column-top-margin" style='border-radius:0px; '><section class="av_textblock_section "  itemscope="itemscope" itemtype="https://schema.org/CreativeWork" ><div class='avia_textblock  '   itemprop="text" ><h4>Du benötigst den Führerschein so schnell wie möglich?</h4>
<div>Wenn Du nur wenig Zeit für Deine Fahrausbildung in Anspruch nehmen kannst, dann ist unsere <strong>Kompaktausbildung</strong> genau das richtige für Dich. Aufgrund unserer <em>Zweigstellenstruktur</em> hast Du die Möglichkeit in aktuell acht Filialen am theoretischen Unterricht teilzunehmen.</div>
<div>Möchtest Du mehr darüber erfahren, dann komm in eine unserer Fahrschulen, unser Fahrlehrer berät Dich gerne. Oder ruf uns uns an!</div>
</div></section></div>
