{"id":237,"date":"2020-08-31T12:59:57","date_gmt":"2020-08-31T12:59:57","guid":{"rendered":"http:\/\/fahrschule-kdl.com\/?page_id=237"},"modified":"2026-04-28T19:22:24","modified_gmt":"2026-04-28T19:22:24","slug":"bkf-weiterbildungsmodule","status":"publish","type":"page","link":"http:\/\/fahrschule-kdl.com\/?page_id=237","title":{"rendered":"Berufskraftfahrerweiterbildung LKW und BUS &#8222;Schl\u00fcsselzahl 95&#8220;"},"content":{"rendered":"<div class=\"flex_column av_one_full  flex_column_div av-zero-column-padding first  avia-builder-el-0  el_before_av_one_full  avia-builder-el-first  \" style='border-radius:0px; '><section class=\"av_textblock_section \"  itemscope=\"itemscope\" itemtype=\"https:\/\/schema.org\/CreativeWork\" ><div class='avia_textblock  '   itemprop=\"text\" ><div style=\"text-align: left;\"><strong>N\u00e4chste Termine f\u00fcr die Weiterbildung LKW und BUS:<\/strong><\/div>\n<div>\n<div>\n<div>\n<div>\n<div>\n<div>\n<div>\n<div>\n<div>\n<div>\n<div>\n<div>\n<div>\n<div>\n<div>\n<div>\n<div>\n<div>\n<div>\n<div>\n<div>\n<div>\n<div>30.04.2026 um 8 Uhr, Steubenstra\u00dfe 12, 32312 L\u00fcbbecke, Modul 5<\/div>\n<div>Samstag 02.05.26 kein Modul<\/div>\n<div>\n<div>07.05.2026 um 8 Uhr, Steubenstra\u00dfe 12, 32312 L\u00fcbbecke, Modul 2<\/div>\n<div>\n<div>08.05.2026 um 8 Uhr, Steubenstra\u00dfe 12, 32312 L\u00fcbbecke, Modul 3<\/div>\n<div>09.05.2026 um 8 Uhr, Steubenstra\u00dfe 12, 32312 L\u00fcbbecke, Modul 4<\/div>\n<\/div>\n<\/div>\n<\/div>\n<\/div>\n<\/div>\n<\/div>\n<div><\/div>\n<\/div>\n<div><\/div>\n<\/div>\n<\/div>\n<\/div>\n<\/div>\n<\/div>\n<div><\/div>\n<\/div>\n<div><\/div>\n<div><\/div>\n<div><\/div>\n<div><\/div>\n<\/div>\n<div><\/div>\n<\/div>\n<div><\/div>\n<\/div>\n<div><\/div>\n<div><\/div>\n<\/div>\n<div><\/div>\n<\/div>\n<div><\/div>\n<div><\/div>\n<div><\/div>\n<\/div>\n<div><\/div>\n<div><\/div>\n<\/div>\n<div><\/div>\n<\/div>\n<div><\/div>\n<\/div>\n<div><\/div>\n<\/div>\n<div><\/div>\n<\/div>\n<div><\/div>\n<div><\/div>\n<div><\/div>\n<div><\/div>\n<div><\/div>\n<div><\/div>\n<div><\/div>\n<div><\/div>\n<div><\/div>\n<\/div><\/section><\/div><div class=\"flex_column av_one_full  flex_column_div av-zero-column-padding first  avia-builder-el-2  el_after_av_one_full  el_before_av_hr  column-top-margin\" style='border-radius:0px; '><p><div   data-size='entry_without_sidebar'  data-lightbox_size='large'  data-animation='slide'  data-conditional_play=''  data-ids='244'  data-video_counter='0'  data-autoplay='false'  data-bg_slider='false'  data-slide_height=''  data-handle='av_slideshow'  data-interval='5'  data-class=' avia-builder-el-3  el_before_av_textblock  avia-builder-el-first  '  data-el_id=''  data-css_id=''  data-scroll_down=''  data-control_layout='av-control-default'  data-custom_markup=''  data-perma_caption=''  data-autoplay_stopper=''  data-image_attachment=''  data-min_height='0px'  data-lazy_loading='disabled'  data-default-height='34.95867768595'  class='avia-slideshow avia-slideshow-1  av-control-default av-default-height-applied avia-slideshow-entry_without_sidebar av_slideshow  avia-builder-el-3  el_before_av_textblock  avia-builder-el-first   avia-slide-slider '  itemprop=\"image\" itemscope=\"itemscope\" itemtype=\"https:\/\/schema.org\/ImageObject\" ><ul class='avia-slideshow-inner ' style='padding-bottom: 31.25%;' ><li  class=' av-single-slide slide-1 ' ><div data-rel='slideshow-1' class='avia-slide-wrap '   ><img decoding=\"async\" class=\"wp-image-244 avia-img-lazy-loading-not-244\"  src=\"http:\/\/fahrschule-kdl.com\/wp-content\/uploads\/2020\/08\/featured_header_seiten_bkf-module.jpg\" width=\"960\" height=\"300\" title='featured_header_seiten_bkf-module' alt=''  itemprop=\"thumbnailUrl\" srcset=\"http:\/\/fahrschule-kdl.com\/wp-content\/uploads\/2020\/08\/featured_header_seiten_bkf-module.jpg 960w, http:\/\/fahrschule-kdl.com\/wp-content\/uploads\/2020\/08\/featured_header_seiten_bkf-module-300x94.jpg 300w, http:\/\/fahrschule-kdl.com\/wp-content\/uploads\/2020\/08\/featured_header_seiten_bkf-module-768x240.jpg 768w, http:\/\/fahrschule-kdl.com\/wp-content\/uploads\/2020\/08\/featured_header_seiten_bkf-module-705x220.jpg 705w\" sizes=\"(max-width: 960px) 100vw, 960px\" \/><\/div><\/li><\/ul><\/div><br \/>\n<section class=\"av_textblock_section \"  itemscope=\"itemscope\" itemtype=\"https:\/\/schema.org\/CreativeWork\" ><div class='avia_textblock  '   itemprop=\"text\" ><div style=\"text-align: left;\">Die gesetzlich vorgeschriebene Weiterbildung gilt f\u00fcr alle gewerblichen Fahrer\/-innen im G\u00fcter- und Personenverkehr. Grundlage f\u00fcr die Grundqualifikation und Weiterbildung ist das Berufskraftfahrerqualifikationsgesetz (BKrFQG) und als Erg\u00e4nzung dient die Verordnung zur Durchf\u00fchrung des Berufskraftfahrerqualifikationsgesetzes (BKrFQV).<\/div>\n<div style=\"text-align: left;\"><\/div>\n<div style=\"text-align: left;\">Davon betroffen sind alle Fahrer\/-innen, im Besitz folgender Fahrerlaubnisklassen: <strong>C1\/C1E\/C\/CE und D1\/D1E\/D\/DE.<\/strong><\/div>\n<div style=\"text-align: left;\">Die Dauer der Weiterbildung bel\u00e4uft sich auf 35 Stunden zu 60 Minuten in einem Zeitraum von 5 Jahren, aufteilbar in f\u00fcnf \u201e7-st\u00fcndige\u201c Tage.<\/div>\n<div><\/div>\n<div><\/div>\n<\/div><\/section><\/p><\/div><\/p>\n<div  style='height:50px' class='hr hr-invisible   avia-builder-el-5  el_after_av_one_full  el_before_av_one_fifth '><span class='hr-inner ' ><span class='hr-inner-style'><\/span><\/span><\/div>\n<div class=\"flex_column av_one_fifth  flex_column_div av-zero-column-padding first  avia-builder-el-6  el_after_av_hr  el_before_av_one_fifth  \" style='border-radius:0px; '><p><div  class='avia-image-container  av-styling-    avia-builder-el-7  el_before_av_textblock  avia-builder-el-first  avia-align-center '  itemprop=\"image\" itemscope=\"itemscope\" itemtype=\"https:\/\/schema.org\/ImageObject\"  ><div class='avia-image-container-inner'><div class='avia-image-overlay-wrap'><img decoding=\"async\" class='wp-image-238 avia-img-lazy-loading-not-238 avia_image' src=\"http:\/\/fahrschule-kdl.com\/wp-content\/uploads\/2020\/08\/modul1.png\" alt='' title='modul1' height=\"114\" width=\"150\"  itemprop=\"thumbnailUrl\"  \/><\/div><\/div><\/div><br \/>\n<section class=\"av_textblock_section \"  itemscope=\"itemscope\" itemtype=\"https:\/\/schema.org\/CreativeWork\" ><div class='avia_textblock  '   itemprop=\"text\" ><p style=\"text-align: center;\"><strong>Wirtschaftliches Fahren<\/strong><\/p>\n<p style=\"text-align: center;\">Kennziffer 1.1, 1.2, 1.3, 1.3a, 1.5<\/p>\n<\/div><\/section><\/p><\/div>\n<div class=\"flex_column av_one_fifth  flex_column_div av-zero-column-padding   avia-builder-el-9  el_after_av_one_fifth  el_before_av_one_fifth  \" style='border-radius:0px; '><p><div  class='avia-image-container  av-styling-    avia-builder-el-10  el_before_av_textblock  avia-builder-el-first  avia-align-center '  itemprop=\"image\" itemscope=\"itemscope\" itemtype=\"https:\/\/schema.org\/ImageObject\"  ><div class='avia-image-container-inner'><div class='avia-image-overlay-wrap'><img decoding=\"async\" class='wp-image-239 avia-img-lazy-loading-not-239 avia_image' src=\"http:\/\/fahrschule-kdl.com\/wp-content\/uploads\/2020\/08\/modul2.png\" alt='' title='modul2' height=\"114\" width=\"150\"  itemprop=\"thumbnailUrl\"  \/><\/div><\/div><\/div><br \/>\n<section class=\"av_textblock_section \"  itemscope=\"itemscope\" itemtype=\"https:\/\/schema.org\/CreativeWork\" ><div class='avia_textblock  '   itemprop=\"text\" ><p style=\"text-align: center;\"><strong>Berufsrisiken des Berufskraftfahrers<\/strong><\/p>\n<p style=\"text-align: center;\">Kennziffer 3.1, 3.2, 3.3, 3.4, 3.5, 3.6, 3.7, 3.8, 3.9<\/p>\n<\/div><\/section><\/p><\/div>\n<div class=\"flex_column av_one_fifth  flex_column_div av-zero-column-padding   avia-builder-el-12  el_after_av_one_fifth  el_before_av_one_fifth  \" style='border-radius:0px; '><p><div  class='avia-image-container  av-styling-    avia-builder-el-13  el_before_av_textblock  avia-builder-el-first  avia-align-center '  itemprop=\"image\" itemscope=\"itemscope\" itemtype=\"https:\/\/schema.org\/ImageObject\"  ><div class='avia-image-container-inner'><div class='avia-image-overlay-wrap'><img decoding=\"async\" class='wp-image-240 avia-img-lazy-loading-not-240 avia_image' src=\"http:\/\/fahrschule-kdl.com\/wp-content\/uploads\/2020\/08\/modul3.png\" alt='' title='modul3' height=\"114\" width=\"150\"  itemprop=\"thumbnailUrl\"  \/><\/div><\/div><\/div><br \/>\n<section class=\"av_textblock_section \"  itemscope=\"itemscope\" itemtype=\"https:\/\/schema.org\/CreativeWork\" ><div class='avia_textblock  '   itemprop=\"text\" ><p style=\"text-align: center;\"><strong>Sozialrechtliche Rahmenbedingungen und Vorschriften f\u00fcr den G\u00fcterkraft- und Personenverkehr<\/strong><br \/>\nKennziffer 2.1, 2.3<\/p>\n<\/div><\/section><\/p><\/div>\n<div class=\"flex_column av_one_fifth  flex_column_div av-zero-column-padding   avia-builder-el-15  el_after_av_one_fifth  el_before_av_one_fifth  \" style='border-radius:0px; '><p><div  class='avia-image-container  av-styling-    avia-builder-el-16  el_before_av_textblock  avia-builder-el-first  avia-align-center '  itemprop=\"image\" itemscope=\"itemscope\" itemtype=\"https:\/\/schema.org\/ImageObject\"  ><div class='avia-image-container-inner'><div class='avia-image-overlay-wrap'><img decoding=\"async\" class='wp-image-391 avia-img-lazy-loading-not-391 avia_image' src=\"http:\/\/fahrschule-kdl.com\/wp-content\/uploads\/2021\/01\/modul4.png\" alt='' title='modul4' height=\"114\" width=\"150\"  itemprop=\"thumbnailUrl\"  \/><\/div><\/div><\/div><br \/>\n<section class=\"av_textblock_section \"  itemscope=\"itemscope\" itemtype=\"https:\/\/schema.org\/CreativeWork\" ><div class='avia_textblock  '   itemprop=\"text\" ><p style=\"text-align: center;\"><strong>Ladungssicherung auf Stra\u00dfenfahrzeugen<\/strong><br \/>\nKennziffer 1.4 und 1.6<\/p>\n<\/div><\/section><\/p><\/div>\n<div class=\"flex_column av_one_fifth  flex_column_div av-zero-column-padding   avia-builder-el-18  el_after_av_one_fifth  el_before_av_hr  \" style='border-radius:0px; '><p><div  class='avia-image-container  av-styling-    avia-builder-el-19  el_before_av_textblock  avia-builder-el-first  avia-align-center '  itemprop=\"image\" itemscope=\"itemscope\" itemtype=\"https:\/\/schema.org\/ImageObject\"  ><div class='avia-image-container-inner'><div class='avia-image-overlay-wrap'><img decoding=\"async\" class='wp-image-392 avia-img-lazy-loading-not-392 avia_image' src=\"http:\/\/fahrschule-kdl.com\/wp-content\/uploads\/2021\/01\/modul5.png\" alt='' title='modul5' height=\"114\" width=\"150\"  itemprop=\"thumbnailUrl\"  \/><\/div><\/div><\/div><br \/>\n<section class=\"av_textblock_section \"  itemscope=\"itemscope\" itemtype=\"https:\/\/schema.org\/CreativeWork\" ><div class='avia_textblock  '   itemprop=\"text\" ><p style=\"text-align: center;\"><strong>Kenntnis der sozialrechtlichen Rahmenbedingungen f\u00fcr den G\u00fcterkraft- und Personenverkehr<\/strong><br \/>\nKennziffer 2.1,2.2, 3.7<\/p>\n<\/div><\/section><\/p><\/div>\n<div  style='height:30px' class='hr hr-invisible   avia-builder-el-21  el_after_av_one_fifth  el_before_av_heading '><span class='hr-inner ' ><span class='hr-inner-style'><\/span><\/span><\/div>\n<div  style='padding-bottom:10px; ' class='av-special-heading av-special-heading-h2  blockquote modern-quote  avia-builder-el-22  el_after_av_hr  el_before_av_one_third  '><h2 class='av-special-heading-tag '  itemprop=\"headline\"  >Unser Weiterbildungsangebot<\/h2><div class='special-heading-border'><div class='special-heading-inner-border' ><\/div><\/div><\/div>\n<div class=\"flex_column av_one_third  flex_column_div av-zero-column-padding first  avia-builder-el-23  el_after_av_heading  el_before_av_heading  \" style='border-radius:0px; '><section class=\"av_textblock_section \"  itemscope=\"itemscope\" itemtype=\"https:\/\/schema.org\/CreativeWork\" ><div class='avia_textblock  '   itemprop=\"text\" ><div>Wir bieten unsere Seminare in zwei Varianten an:<\/div>\n<div>\n<ul>\n<li><strong>als Modul-Seminar: 110 \u20ac pro Person (Inkl. Verpflegung)<\/strong><br \/>\n(ein Modul als \u201e1-Tagesschulung\u201c)<\/li>\n<li><strong>als Block-Seminar (<\/strong><b>Preis auf Anfrage)<\/b><br \/>\n(alle f\u00fcnf Module in einer Woche \/ 35 Stunden)<\/li>\n<\/ul>\n<\/div>\n<\/div><\/section><\/div>\n<div  style='padding-bottom:10px; ' class='av-special-heading av-special-heading-h4  blockquote modern-quote  avia-builder-el-25  el_after_av_one_third  avia-builder-el-last  '><h4 class='av-special-heading-tag '  itemprop=\"headline\"  >Nutzen Sie unsere Weiterbildungen und unseren Service f\u00fcr Ihren beruflichen Erfolg! Rufen Sie uns an Tel: 05741 2301826.<\/h4><div class='special-heading-border'><div class='special-heading-inner-border' ><\/div><\/div><\/div>\n","protected":false},"excerpt":{"rendered":"","protected":false},"author":1,"featured_media":0,"parent":0,"menu_order":25,"comment_status":"closed","ping_status":"closed","template":"","meta":{"_themeisle_gutenberg_block_has_review":false,"footnotes":""},"class_list":["post-237","page","type-page","status-publish","hentry"],"_links":{"self":[{"href":"http:\/\/fahrschule-kdl.com\/index.php?rest_route=\/wp\/v2\/pages\/237","targetHints":{"allow":["GET"]}}],"collection":[{"href":"http:\/\/fahrschule-kdl.com\/index.php?rest_route=\/wp\/v2\/pages"}],"about":[{"href":"http:\/\/fahrschule-kdl.com\/index.php?rest_route=\/wp\/v2\/types\/page"}],"author":[{"embeddable":true,"href":"http:\/\/fahrschule-kdl.com\/index.php?rest_route=\/wp\/v2\/users\/1"}],"replies":[{"embeddable":true,"href":"http:\/\/fahrschule-kdl.com\/index.php?rest_route=%2Fwp%2Fv2%2Fcomments&post=237"}],"version-history":[{"count":157,"href":"http:\/\/fahrschule-kdl.com\/index.php?rest_route=\/wp\/v2\/pages\/237\/revisions"}],"predecessor-version":[{"id":892,"href":"http:\/\/fahrschule-kdl.com\/index.php?rest_route=\/wp\/v2\/pages\/237\/revisions\/892"}],"wp:attachment":[{"href":"http:\/\/fahrschule-kdl.com\/index.php?rest_route=%2Fwp%2Fv2%2Fmedia&parent=237"}],"curies":[{"name":"wp","href":"https:\/\/api.w.org\/{rel}","templated":true}]}}

Berufskraftfahrerweiterbildung LKW und BUS &#8222;Schlüsselzahl 95&#8220;

<div class="flex_column av_one_full  flex_column_div av-zero-column-padding first  avia-builder-el-0  el_before_av_one_full  avia-builder-el-first  " style='border-radius:0px; '><section class="av_textblock_section "  itemscope="itemscope" itemtype="https://schema.org/CreativeWork" ><div class='avia_textblock  '   itemprop="text" ><div style="text-align: left;"><strong>Nächste Termine für die Weiterbildung LKW und BUS:</strong></div>
<div>
<div>
<div>
<div>
<div>
<div>
<div>
<div>
<div>
<div>
<div>
<div>
<div>
<div>
<div>
<div>
<div>
<div>
<div>
<div>
<div>
<div>
<div>30.04.2026 um 8 Uhr, Steubenstraße 12, 32312 Lübbecke, Modul 5</div>
<div>Samstag 02.05.26 kein Modul</div>
<div>
<div>07.05.2026 um 8 Uhr, Steubenstraße 12, 32312 Lübbecke, Modul 2</div>
<div>
<div>08.05.2026 um 8 Uhr, Steubenstraße 12, 32312 Lübbecke, Modul 3</div>
<div>09.05.2026 um 8 Uhr, Steubenstraße 12, 32312 Lübbecke, Modul 4</div>
</div>
</div>
</div>
</div>
</div>
</div>
<div></div>
</div>
<div></div>
</div>
</div>
</div>
</div>
</div>
<div></div>
</div>
<div></div>
<div></div>
<div></div>
<div></div>
</div>
<div></div>
</div>
<div></div>
</div>
<div></div>
<div></div>
</div>
<div></div>
</div>
<div></div>
<div></div>
<div></div>
</div>
<div></div>
<div></div>
</div>
<div></div>
</div>
<div></div>
</div>
<div></div>
</div>
<div></div>
</div>
<div></div>
<div></div>
<div></div>
<div></div>
<div></div>
<div></div>
<div></div>
<div></div>
<div></div>
</div></section></div><div class="flex_column av_one_full  flex_column_div av-zero-column-padding first  avia-builder-el-2  el_after_av_one_full  el_before_av_hr  column-top-margin" style='border-radius:0px; '><p><div   data-size='entry_without_sidebar'  data-lightbox_size='large'  data-animation='slide'  data-conditional_play=''  data-ids='244'  data-video_counter='0'  data-autoplay='false'  data-bg_slider='false'  data-slide_height=''  data-handle='av_slideshow'  data-interval='5'  data-class=' avia-builder-el-3  el_before_av_textblock  avia-builder-el-first  '  data-el_id=''  data-css_id=''  data-scroll_down=''  data-control_layout='av-control-default'  data-custom_markup=''  data-perma_caption=''  data-autoplay_stopper=''  data-image_attachment=''  data-min_height='0px'  data-lazy_loading='disabled'  data-default-height='34.95867768595'  class='avia-slideshow avia-slideshow-1  av-control-default av-default-height-applied avia-slideshow-entry_without_sidebar av_slideshow  avia-builder-el-3  el_before_av_textblock  avia-builder-el-first   avia-slide-slider '  itemprop="image" itemscope="itemscope" itemtype="https://schema.org/ImageObject" ><ul class='avia-slideshow-inner ' style='padding-bottom: 31.25%;' ><li  class=' av-single-slide slide-1 ' ><div data-rel='slideshow-1' class='avia-slide-wrap '   ><img decoding="async" class="wp-image-244 avia-img-lazy-loading-not-244"  src="http://fahrschule-kdl.com/wp-content/uploads/2020/08/featured_header_seiten_bkf-module.jpg" width="960" height="300" title='featured_header_seiten_bkf-module' alt=''  itemprop="thumbnailUrl" srcset="http://fahrschule-kdl.com/wp-content/uploads/2020/08/featured_header_seiten_bkf-module.jpg 960w, http://fahrschule-kdl.com/wp-content/uploads/2020/08/featured_header_seiten_bkf-module-300x94.jpg 300w, http://fahrschule-kdl.com/wp-content/uploads/2020/08/featured_header_seiten_bkf-module-768x240.jpg 768w, http://fahrschule-kdl.com/wp-content/uploads/2020/08/featured_header_seiten_bkf-module-705x220.jpg 705w" sizes="(max-width: 960px) 100vw, 960px" /></div></li></ul></div><br />
<section class="av_textblock_section "  itemscope="itemscope" itemtype="https://schema.org/CreativeWork" ><div class='avia_textblock  '   itemprop="text" ><div style="text-align: left;">Die gesetzlich vorgeschriebene Weiterbildung gilt für alle gewerblichen Fahrer/-innen im Güter- und Personenverkehr. Grundlage für die Grundqualifikation und Weiterbildung ist das Berufskraftfahrerqualifikationsgesetz (BKrFQG) und als Ergänzung dient die Verordnung zur Durchführung des Berufskraftfahrerqualifikationsgesetzes (BKrFQV).</div>
<div style="text-align: left;"></div>
<div style="text-align: left;">Davon betroffen sind alle Fahrer/-innen, im Besitz folgender Fahrerlaubnisklassen: <strong>C1/C1E/C/CE und D1/D1E/D/DE.</strong></div>
<div style="text-align: left;">Die Dauer der Weiterbildung beläuft sich auf 35 Stunden zu 60 Minuten in einem Zeitraum von 5 Jahren, aufteilbar in fünf „7-stündige“ Tage.</div>
<div></div>
<div></div>
</div></section></p></div></p>
<div  style='height:50px' class='hr hr-invisible   avia-builder-el-5  el_after_av_one_full  el_before_av_one_fifth '><span class='hr-inner ' ><span class='hr-inner-style'></span></span></div>
<div class="flex_column av_one_fifth  flex_column_div av-zero-column-padding first  avia-builder-el-6  el_after_av_hr  el_before_av_one_fifth  " style='border-radius:0px; '><p><div  class='avia-image-container  av-styling-    avia-builder-el-7  el_before_av_textblock  avia-builder-el-first  avia-align-center '  itemprop="image" itemscope="itemscope" itemtype="https://schema.org/ImageObject"  ><div class='avia-image-container-inner'><div class='avia-image-overlay-wrap'><img decoding="async" class='wp-image-238 avia-img-lazy-loading-not-238 avia_image' src="http://fahrschule-kdl.com/wp-content/uploads/2020/08/modul1.png" alt='' title='modul1' height="114" width="150"  itemprop="thumbnailUrl"  /></div></div></div><br />
<section class="av_textblock_section "  itemscope="itemscope" itemtype="https://schema.org/CreativeWork" ><div class='avia_textblock  '   itemprop="text" ><p style="text-align: center;"><strong>Wirtschaftliches Fahren</strong></p>
<p style="text-align: center;">Kennziffer 1.1, 1.2, 1.3, 1.3a, 1.5</p>
</div></section></p></div>
<div class="flex_column av_one_fifth  flex_column_div av-zero-column-padding   avia-builder-el-9  el_after_av_one_fifth  el_before_av_one_fifth  " style='border-radius:0px; '><p><div  class='avia-image-container  av-styling-    avia-builder-el-10  el_before_av_textblock  avia-builder-el-first  avia-align-center '  itemprop="image" itemscope="itemscope" itemtype="https://schema.org/ImageObject"  ><div class='avia-image-container-inner'><div class='avia-image-overlay-wrap'><img decoding="async" class='wp-image-239 avia-img-lazy-loading-not-239 avia_image' src="http://fahrschule-kdl.com/wp-content/uploads/2020/08/modul2.png" alt='' title='modul2' height="114" width="150"  itemprop="thumbnailUrl"  /></div></div></div><br />
<section class="av_textblock_section "  itemscope="itemscope" itemtype="https://schema.org/CreativeWork" ><div class='avia_textblock  '   itemprop="text" ><p style="text-align: center;"><strong>Berufsrisiken des Berufskraftfahrers</strong></p>
<p style="text-align: center;">Kennziffer 3.1, 3.2, 3.3, 3.4, 3.5, 3.6, 3.7, 3.8, 3.9</p>
</div></section></p></div>
<div class="flex_column av_one_fifth  flex_column_div av-zero-column-padding   avia-builder-el-12  el_after_av_one_fifth  el_before_av_one_fifth  " style='border-radius:0px; '><p><div  class='avia-image-container  av-styling-    avia-builder-el-13  el_before_av_textblock  avia-builder-el-first  avia-align-center '  itemprop="image" itemscope="itemscope" itemtype="https://schema.org/ImageObject"  ><div class='avia-image-container-inner'><div class='avia-image-overlay-wrap'><img decoding="async" class='wp-image-240 avia-img-lazy-loading-not-240 avia_image' src="http://fahrschule-kdl.com/wp-content/uploads/2020/08/modul3.png" alt='' title='modul3' height="114" width="150"  itemprop="thumbnailUrl"  /></div></div></div><br />
<section class="av_textblock_section "  itemscope="itemscope" itemtype="https://schema.org/CreativeWork" ><div class='avia_textblock  '   itemprop="text" ><p style="text-align: center;"><strong>Sozialrechtliche Rahmenbedingungen und Vorschriften für den Güterkraft- und Personenverkehr</strong><br />
Kennziffer 2.1, 2.3</p>
</div></section></p></div>
<div class="flex_column av_one_fifth  flex_column_div av-zero-column-padding   avia-builder-el-15  el_after_av_one_fifth  el_before_av_one_fifth  " style='border-radius:0px; '><p><div  class='avia-image-container  av-styling-    avia-builder-el-16  el_before_av_textblock  avia-builder-el-first  avia-align-center '  itemprop="image" itemscope="itemscope" itemtype="https://schema.org/ImageObject"  ><div class='avia-image-container-inner'><div class='avia-image-overlay-wrap'><img decoding="async" class='wp-image-391 avia-img-lazy-loading-not-391 avia_image' src="http://fahrschule-kdl.com/wp-content/uploads/2021/01/modul4.png" alt='' title='modul4' height="114" width="150"  itemprop="thumbnailUrl"  /></div></div></div><br />
<section class="av_textblock_section "  itemscope="itemscope" itemtype="https://schema.org/CreativeWork" ><div class='avia_textblock  '   itemprop="text" ><p style="text-align: center;"><strong>Ladungssicherung auf Straßenfahrzeugen</strong><br />
Kennziffer 1.4 und 1.6</p>
</div></section></p></div>
<div class="flex_column av_one_fifth  flex_column_div av-zero-column-padding   avia-builder-el-18  el_after_av_one_fifth  el_before_av_hr  " style='border-radius:0px; '><p><div  class='avia-image-container  av-styling-    avia-builder-el-19  el_before_av_textblock  avia-builder-el-first  avia-align-center '  itemprop="image" itemscope="itemscope" itemtype="https://schema.org/ImageObject"  ><div class='avia-image-container-inner'><div class='avia-image-overlay-wrap'><img decoding="async" class='wp-image-392 avia-img-lazy-loading-not-392 avia_image' src="http://fahrschule-kdl.com/wp-content/uploads/2021/01/modul5.png" alt='' title='modul5' height="114" width="150"  itemprop="thumbnailUrl"  /></div></div></div><br />
<section class="av_textblock_section "  itemscope="itemscope" itemtype="https://schema.org/CreativeWork" ><div class='avia_textblock  '   itemprop="text" ><p style="text-align: center;"><strong>Kenntnis der sozialrechtlichen Rahmenbedingungen für den Güterkraft- und Personenverkehr</strong><br />
Kennziffer 2.1,2.2, 3.7</p>
</div></section></p></div>
<div  style='height:30px' class='hr hr-invisible   avia-builder-el-21  el_after_av_one_fifth  el_before_av_heading '><span class='hr-inner ' ><span class='hr-inner-style'></span></span></div>
<div  style='padding-bottom:10px; ' class='av-special-heading av-special-heading-h2  blockquote modern-quote  avia-builder-el-22  el_after_av_hr  el_before_av_one_third  '><h2 class='av-special-heading-tag '  itemprop="headline"  >Unser Weiterbildungsangebot</h2><div class='special-heading-border'><div class='special-heading-inner-border' ></div></div></div>
<div class="flex_column av_one_third  flex_column_div av-zero-column-padding first  avia-builder-el-23  el_after_av_heading  el_before_av_heading  " style='border-radius:0px; '><section class="av_textblock_section "  itemscope="itemscope" itemtype="https://schema.org/CreativeWork" ><div class='avia_textblock  '   itemprop="text" ><div>Wir bieten unsere Seminare in zwei Varianten an:</div>
<div>
<ul>
<li><strong>als Modul-Seminar: 110 € pro Person (Inkl. Verpflegung)</strong><br />
(ein Modul als „1-Tagesschulung“)</li>
<li><strong>als Block-Seminar (</strong><b>Preis auf Anfrage)</b><br />
(alle fünf Module in einer Woche / 35 Stunden)</li>
</ul>
</div>
</div></section></div>
<div  style='padding-bottom:10px; ' class='av-special-heading av-special-heading-h4  blockquote modern-quote  avia-builder-el-25  el_after_av_one_third  avia-builder-el-last  '><h4 class='av-special-heading-tag '  itemprop="headline"  >Nutzen Sie unsere Weiterbildungen und unseren Service für Ihren beruflichen Erfolg! Rufen Sie uns an Tel: 05741 2301826.</h4><div class='special-heading-border'><div class='special-heading-inner-border' ></div></div></div>
