{"id":270,"date":"2020-08-31T13:52:00","date_gmt":"2020-08-31T13:52:00","guid":{"rendered":"http:\/\/fahrschule-kdl.com\/?page_id=270"},"modified":"2020-09-01T09:28:01","modified_gmt":"2020-09-01T09:28:01","slug":"aufbauseminar-fahranfaenger","status":"publish","type":"page","link":"http:\/\/fahrschule-kdl.com\/?page_id=270","title":{"rendered":"Aufbauseminar Fahranf\u00e4nger"},"content":{"rendered":"<div class=\"flex_column av_one_full  flex_column_div av-zero-column-padding first  avia-builder-el-0  avia-builder-el-no-sibling  \" style='border-radius:0px; '><p><div   data-size='entry_without_sidebar'  data-lightbox_size='large'  data-animation='slide'  data-conditional_play=''  data-ids='271'  data-video_counter='0'  data-autoplay='false'  data-bg_slider='false'  data-slide_height=''  data-handle='av_slideshow'  data-interval='5'  data-class=' avia-builder-el-1  el_before_av_textblock  avia-builder-el-first  '  data-el_id=''  data-css_id=''  data-scroll_down=''  data-control_layout='av-control-default'  data-custom_markup=''  data-perma_caption=''  data-autoplay_stopper=''  data-image_attachment=''  data-min_height='0px'  data-lazy_loading='disabled'  data-default-height='34.95867768595'  class='avia-slideshow avia-slideshow-1  av-control-default av-default-height-applied avia-slideshow-entry_without_sidebar av_slideshow  avia-builder-el-1  el_before_av_textblock  avia-builder-el-first   avia-slide-slider '  itemprop=\"image\" itemscope=\"itemscope\" itemtype=\"https:\/\/schema.org\/ImageObject\" ><ul class='avia-slideshow-inner ' style='padding-bottom: 31.25%;' ><li  class=' av-single-slide slide-1 ' ><div data-rel='slideshow-1' class='avia-slide-wrap '   ><img decoding=\"async\" class=\"wp-image-271 avia-img-lazy-loading-not-271\"  src=\"http:\/\/fahrschule-kdl.com\/wp-content\/uploads\/2020\/08\/featured_header_seiten_asp.jpg\" width=\"960\" height=\"300\" title='featured_header_seiten_asp' alt=''  itemprop=\"thumbnailUrl\" srcset=\"http:\/\/fahrschule-kdl.com\/wp-content\/uploads\/2020\/08\/featured_header_seiten_asp.jpg 960w, http:\/\/fahrschule-kdl.com\/wp-content\/uploads\/2020\/08\/featured_header_seiten_asp-300x94.jpg 300w, http:\/\/fahrschule-kdl.com\/wp-content\/uploads\/2020\/08\/featured_header_seiten_asp-768x240.jpg 768w, http:\/\/fahrschule-kdl.com\/wp-content\/uploads\/2020\/08\/featured_header_seiten_asp-705x220.jpg 705w\" sizes=\"(max-width: 960px) 100vw, 960px\" \/><\/div><\/li><\/ul><\/div><br \/>\n<section class=\"av_textblock_section \"  itemscope=\"itemscope\" itemtype=\"https:\/\/schema.org\/CreativeWork\" ><div class='avia_textblock  '   itemprop=\"text\" ><p>Ein ASF-Seminar wird f\u00fcr Inhaber einer Fahrerlaubnis auf Probe angeordnet, die w\u00e4hrend Ihrer Probezeit eine Zuwiderhandlung gegen stra\u00dfenverkehrsrechtliche Vorschriften begangen haben. Bei diesem Seminar geht es insbesondere darum, dass Risikobewusstsein und die Gefahrenerkennung bei F\u00fchrerscheinneulingen zu f\u00f6rdern und zu verbessern. Der Teilnahme geht immer eine beh\u00f6rdliche Aufforderung voraus und muss innerhalb einer bestimmten Frist absolviert werden. Die Teilnahmen ist also Pflicht, sonst wird der F\u00fchrerschein entzogen. Mit der Anordnung eines solchen Seminars wird zudem die Probezeit auf vier Jahre verl\u00e4ngert.<\/p>\n<p><strong>Dauer:<\/strong> vier Sitzungen zu je 135 Minuten + 30 Minuten Beobachtungsfahrt<br \/>\n<em>Wichtig: Wir bitten um rechtzeitige Anmeldung, da eine Mindestteilnehmerzahl gesetzlich vorgeschrieben ist.<\/em><\/p>\n<p><strong>Eine Teilnahme an einem ASF-Seminar ist max. alle f\u00fcnf Jahre m\u00f6glich.<\/strong><\/p>\n<\/div><\/section><\/p><\/div>\n","protected":false},"excerpt":{"rendered":"","protected":false},"author":1,"featured_media":0,"parent":0,"menu_order":31,"comment_status":"closed","ping_status":"closed","template":"","meta":{"_themeisle_gutenberg_block_has_review":false,"footnotes":""},"class_list":["post-270","page","type-page","status-publish","hentry"],"_links":{"self":[{"href":"http:\/\/fahrschule-kdl.com\/index.php?rest_route=\/wp\/v2\/pages\/270","targetHints":{"allow":["GET"]}}],"collection":[{"href":"http:\/\/fahrschule-kdl.com\/index.php?rest_route=\/wp\/v2\/pages"}],"about":[{"href":"http:\/\/fahrschule-kdl.com\/index.php?rest_route=\/wp\/v2\/types\/page"}],"author":[{"embeddable":true,"href":"http:\/\/fahrschule-kdl.com\/index.php?rest_route=\/wp\/v2\/users\/1"}],"replies":[{"embeddable":true,"href":"http:\/\/fahrschule-kdl.com\/index.php?rest_route=%2Fwp%2Fv2%2Fcomments&post=270"}],"version-history":[{"count":1,"href":"http:\/\/fahrschule-kdl.com\/index.php?rest_route=\/wp\/v2\/pages\/270\/revisions"}],"predecessor-version":[{"id":272,"href":"http:\/\/fahrschule-kdl.com\/index.php?rest_route=\/wp\/v2\/pages\/270\/revisions\/272"}],"wp:attachment":[{"href":"http:\/\/fahrschule-kdl.com\/index.php?rest_route=%2Fwp%2Fv2%2Fmedia&parent=270"}],"curies":[{"name":"wp","href":"https:\/\/api.w.org\/{rel}","templated":true}]}}

Aufbauseminar Fahranfänger

<div class="flex_column av_one_full  flex_column_div av-zero-column-padding first  avia-builder-el-0  avia-builder-el-no-sibling  " style='border-radius:0px; '><p><div   data-size='entry_without_sidebar'  data-lightbox_size='large'  data-animation='slide'  data-conditional_play=''  data-ids='271'  data-video_counter='0'  data-autoplay='false'  data-bg_slider='false'  data-slide_height=''  data-handle='av_slideshow'  data-interval='5'  data-class=' avia-builder-el-1  el_before_av_textblock  avia-builder-el-first  '  data-el_id=''  data-css_id=''  data-scroll_down=''  data-control_layout='av-control-default'  data-custom_markup=''  data-perma_caption=''  data-autoplay_stopper=''  data-image_attachment=''  data-min_height='0px'  data-lazy_loading='disabled'  data-default-height='34.95867768595'  class='avia-slideshow avia-slideshow-1  av-control-default av-default-height-applied avia-slideshow-entry_without_sidebar av_slideshow  avia-builder-el-1  el_before_av_textblock  avia-builder-el-first   avia-slide-slider '  itemprop="image" itemscope="itemscope" itemtype="https://schema.org/ImageObject" ><ul class='avia-slideshow-inner ' style='padding-bottom: 31.25%;' ><li  class=' av-single-slide slide-1 ' ><div data-rel='slideshow-1' class='avia-slide-wrap '   ><img decoding="async" class="wp-image-271 avia-img-lazy-loading-not-271"  src="http://fahrschule-kdl.com/wp-content/uploads/2020/08/featured_header_seiten_asp.jpg" width="960" height="300" title='featured_header_seiten_asp' alt=''  itemprop="thumbnailUrl" srcset="http://fahrschule-kdl.com/wp-content/uploads/2020/08/featured_header_seiten_asp.jpg 960w, http://fahrschule-kdl.com/wp-content/uploads/2020/08/featured_header_seiten_asp-300x94.jpg 300w, http://fahrschule-kdl.com/wp-content/uploads/2020/08/featured_header_seiten_asp-768x240.jpg 768w, http://fahrschule-kdl.com/wp-content/uploads/2020/08/featured_header_seiten_asp-705x220.jpg 705w" sizes="(max-width: 960px) 100vw, 960px" /></div></li></ul></div><br />
<section class="av_textblock_section "  itemscope="itemscope" itemtype="https://schema.org/CreativeWork" ><div class='avia_textblock  '   itemprop="text" ><p>Ein ASF-Seminar wird für Inhaber einer Fahrerlaubnis auf Probe angeordnet, die während Ihrer Probezeit eine Zuwiderhandlung gegen straßenverkehrsrechtliche Vorschriften begangen haben. Bei diesem Seminar geht es insbesondere darum, dass Risikobewusstsein und die Gefahrenerkennung bei Führerscheinneulingen zu fördern und zu verbessern. Der Teilnahme geht immer eine behördliche Aufforderung voraus und muss innerhalb einer bestimmten Frist absolviert werden. Die Teilnahmen ist also Pflicht, sonst wird der Führerschein entzogen. Mit der Anordnung eines solchen Seminars wird zudem die Probezeit auf vier Jahre verlängert.</p>
<p><strong>Dauer:</strong> vier Sitzungen zu je 135 Minuten + 30 Minuten Beobachtungsfahrt<br />
<em>Wichtig: Wir bitten um rechtzeitige Anmeldung, da eine Mindestteilnehmerzahl gesetzlich vorgeschrieben ist.</em></p>
<p><strong>Eine Teilnahme an einem ASF-Seminar ist max. alle fünf Jahre möglich.</strong></p>
</div></section></p></div>
